4*v - 73. Let x be q(-2). Calculate the greatest common divisor of x and 14.
14
Suppose -2*h + 197 = -331. Let w = h - 179. Let u be (-1)/(-2*(-2)/(-136)). What is the greatest common factor of w and u?
17
Let z(o) = o**3 - 3*o**2 - 62*o + 384. Let j be z(9). What is the greatest common factor of 5694 and j?
78
Suppose -19*a + 13 = -82. Suppose 0 = -a*x + 209 + 256. Calculate the highest common factor of 31 and x.
31
Let t(w) = -6 - 2*w + 19 + 217*w**2 - 207*w**2 + 13*w + 14. Let m be t(-2). What is the highest common factor of m and 180?
45
Suppose 2*s - 244 = -3*d, 2*d = -4*s + 1469 - 957. What is the highest common factor of 1179 and s?
131
Let w = -123 + 129. Suppose 3*g - w - 6 = 0. What is the greatest common factor of 316 and g?
4
Suppose -3*v = 3*y - 1611, -y + 1687 - 613 = 2*v. What is the highest common factor of 129 and v?
3
Let n = -57 - -71. Let r be (-108)/81 + -1 + (-56)/(-6). Calculate the greatest common divisor of n and r.
7
Let n = -2903 + 2918. Calculate the greatest common factor of 2775 and n.
15
Suppose -13*g = -4*k - 15*g + 25212, -g = 5*k - 31518. What is the highest common divisor of 4 and k?
4
Suppose 0 = 17*p - 13477 + 13426. Calculate the greatest common divisor of 1341 and p.
3
Let p(t) = -2*t**3 - 2*t**2 - 2*t + 2. Let m be p(0). Let y be ((-20)/40)/(m/(-20)). Calculate the highest common divisor of y and 360.
5
Let v be 2 - (12 + -11 + -8). What is the highest common factor of 31 and v?
1
Let y(v) = -10*v + 181. Let t be y(-16). Let r = t + -269. Let q(g) = 19*g**3 - 2*g**2 + 2*g - 1. Let u be q(1). What is the greatest common divisor of r and u?
18
Suppose 0 = -4*d + 71 - 15. Let f be (-3)/4*(-296)/111. What is the highest common divisor of f and d?
2
Let d be 6/45*5 - 6/9. Let l(h) = 3*h**2 - h + 94. Let v be l(d). Calculate the highest common divisor of v and 2.
2
Suppose 0 = -6*k + 3*k + 2*f + 1551, -6*k + 3102 = 4*f. What is the greatest common divisor of k and 235?
47
Let y be (0 - 0/(-3))*-1. Suppose s = -y*s + 13. Let b(j) = -4*j**2 - 385*j + 47. Let r be b(-96). What is the greatest common divisor of r and s?
13
Let a = 70 - 68. Suppose a*v = 13*v + 4928. Let s = -160 - v. What is the greatest common factor of s and 32?
32
Suppose 3*w + 5*k = 456 + 22, 0 = w - k - 178. Suppose 0 = -4*u - j + 37, -4*j + 19 = -3*u + 42. Calculate the greatest common factor of u and w.
9
Suppose 17*o - 22*o + 775 = -5*r, 0 = -r - 5. What is the greatest common divisor of o and 625?
25
Suppose 104*v - 10527 = 3409. Calculate the highest common divisor of 34 and v.
2
Suppose -2*s - 3 = -5. Let y = 55 + -50. Suppose -5*q = 2*b + 1 + 17, q + y = b. What is the greatest common factor of s and b?
1
Suppose 37*f - 13019 = 597. What is the greatest common factor of f and 3264?
16
Suppose x - 6 = -3. Suppose m - 4*m - x*c = -417, 419 = 3*m + c. Let p = -137 + m. Calculate the greatest common factor of p and 1.
1
Let u = 12905 - 10695. What is the greatest common factor of 55 and u?
5
Let i = -699 + 1000. Suppose 0 = 307*y - i*y - 960. Calculate the highest common divisor of 120 and y.
40
Let n(m) = 18*m - 6. Let o(s) = 95*s + 2*s**2 - 3*s**2 - 109*s - 22. Let t be o(-12). Let p be n(t). What is the highest common divisor of p and 40?
10
Let r = 1557 + -1057. What is the greatest common factor of r and 300?
100
Let f = 607 + -101. Let b = 287 - 187. Suppose 0 = 16*d - b - 636. Calculate the highest common divisor of d and f.
46
Let i be 10/(-8)*(-626)/10 + 302/(-1208). What is the greatest common factor of 897 and i?
39
Suppose 0 = 150*w - 210*w + 8640. What is the greatest common divisor of w and 2064?
48
Let i(u) = -u - 5. Suppose 0 = -4*n - 3*n + 14. Suppose n*t = 5*t - 9, 0 = -3*h - 4*t - 42. Let v be i(h). Calculate the greatest common factor of v and 221.
13
Let b(u) = 8 + 3*u**2 - 3*u - 4*u + 2*u**2 - 15. Let k be b(7). Calculate the greatest common factor of k and 7.
7
Let w be 4 - (-6)/(12/344*1). Calculate the greatest common divisor of w and 1804.
44
Suppose -3*d - 5*j = -14, -3*d + 68*j = 67*j - 44. What is the greatest common factor of 2548 and d?
13
Let m(p) = 929*p + 16. Let y be m(1). Calculate the highest common divisor of 70 and y.
35
Suppose -2*n + 650 = 5*g - 6*n, 0 = -4*n. Calculate the highest common factor of g and 754.
26
Let z = 1618 + -596. Let n = 2929 + -2915. Calculate the highest common factor of n and z.
14
Let s be (-2)/(-7) + 96/7. Suppose -82*q + 2295 = -6889. What is the greatest common divisor of q and s?
14
Suppose 282 + 72 = 2*i. Suppose 3*l + 60 = i. What is the greatest common divisor of 13 and l?
13
Suppose 3*c + 229 + 32 = 0. Let p = c + 96. Let t = 16 - 7. Calculate the greatest common factor of t and p.
9
Let s be (-22 + 21)/((-1)/67). Calculate the highest common factor of s and 737.
67
Suppose -5*r + 2*c + c = 929, 2*c = 3*r + 557. Let i = r - -369. Calculate the highest common divisor of i and 14.
14
Suppose 2*a + 1529 = -4*t - a, 5*t + 3*a + 1912 = 0. Let f = -365 - t. What is the highest common factor of f and 198?
18
Suppose -3*m - 10*m = -234. Suppose -q = -m*q + 85. What is the highest common divisor of q and 3?
1
Let m(q) = -q**3 - 49*q**2 + 269*q + 35. Let d be m(-54). What is the greatest common factor of d and 8099?
89
Let h(u) = -6*u - 9063*u**3 + 9128*u**3 + 2 + 0*u**2 + 5*u**2. Let q be h(1). Calculate the highest common divisor of 55 and q.
11
Suppose 0 = -9*m - 141 + 519. Calculate the greatest common factor of m and 18.
6
Let h = 46 + -27. Suppose 2*d + h = 4*q + 3*d, -3*q = -d - 9. Suppose 27 = q*n - 197. What is the greatest common factor of 84 and n?
28
Let g(u) = 6*u + 40. Let r be g(-3). Suppose -r*c + 648 = 5*c. Calculate the greatest common factor of 4 and c.
4
Let x be 32/4 - (-2 - 2). Let w be 3*(-8)/x*-80. What is the greatest common factor of w and 20?
20
Suppose -o = 2*d, 17*o - 21*o = -d - 36. Suppose -2*r = 5*w - 336, -7*w + o*w - 2*r - 72 = 0. What is the highest common divisor of w and 170?
34
Let b be ((-366)/(-4) - 1)*(-35 + 37). Let v = 269 - b. Calculate the highest common factor of v and 33.
11
Let a = -4647 - -4683. What is the highest common factor of 4374 and a?
18
Suppose 0 = 13*z - 14*z - n + 34, 0 = -z + 3*n + 26. What is the highest common divisor of 12256 and z?
32
Let t = -4 + 8. Let l = 64318 - 64308. What is the greatest common divisor of t and l?
2
Let l be -51 - ((-4)/(4/3) - -1). Let i be -3*(l/21 + (-2)/(-3)). Suppose -o - 2*u = -28, 2*u - 66 - 22 = -4*o. Calculate the greatest common factor of o and i.
5
Let u(a) = -a**3 + 27*a**2 + 16*a + 187. Let f be u(27). Let x = f + -583. What is the highest common factor of 264 and x?
12
Let k(x) = x**3 + 22*x**2 + 43*x - 12. Let h be k(-18). Suppose 0 = -2*g + h + 258. Calculate the highest common factor of 24 and g.
24
Suppose 175060 - 676294 = -87*k + 471339. Calculate the highest common factor of k and 7.
7
Let o(a) = 18*a - 22. Let t = -65 - -50. Let y be o(t). Let q = y - -412. Calculate the greatest common divisor of q and 24.
24
Suppose 0*r - r = 1. Let t be (-19)/((-247)/390) - (r - -5). What is the greatest common divisor of t and 143?
13
Let l(n) = n**2 + 18*n + 93. Let s be l(-17). Suppose -3*a + s - 4 = 0. Calculate the highest common divisor of 192 and a.
24
Let j = 47 - 23. Let h be 2 + 14244/3 - (7 + -9). Suppose 0 = -3*x - 15*x + h. What is the greatest common divisor of j and x?
24
Let p(s) = -418*s + 674. Let j be p(1). What is the greatest common factor of j and 320?
64
Let b be 60/145*(-4611)/(-159). Let t be ((-3)/4)/(1/(-4)). Suppose 0 = 3*c - 3*i + 29 - 77, -4*i = t*c - 48. Calculate the highest common divisor of b and c.
4
Let c = 695 - 693. Suppose 4*z - 5*p = 85, c*z + 0*z + 4*p - 62 = 0. What is the highest common factor of z and 875?
25
Let p be 12 - (39/(-5) + -82 + 90)*0. Suppose -2*r + 11 = -403. Suppose -33 = -5*k + r. Calculate the greatest common factor of k and p.
12
Let a = -9 - -29. Suppose -2*f + 58*w - 61*w + 55 = 0, 0 = -4*f + 5*w + 55. Calculate the highest common divisor of a and f.
20
Let s = -104 + 104. Suppose -3*l - 3*j + 900 = s, l - 10*j = -9*j + 294. What is the highest common divisor of 11 and l?
11
Let y(v) = -6*v**3 - 2*v**2 - v. Let n be y(-1). Let z = -700 - -771. Let u be 18 + z - (-18)/(-2). What is the greatest common factor of n and